{"id":36,"date":"2021-10-20T11:06:27","date_gmt":"2021-10-20T11:06:27","guid":{"rendered":"http:\/\/www.pro-compsolucions.com\/?page_id=36"},"modified":"2022-02-14T10:46:36","modified_gmt":"2022-02-14T10:46:36","slug":"acerca-de","status":"publish","type":"page","link":"https:\/\/www.pro-compsolucions.com\/index.php\/acerca-de\/","title":{"rendered":"Nosaltres"},"content":{"rendered":"\n<p>Som un grup de professionals amb una \u00e0mplia experi\u00e8ncia empresarial. Pro&amp;Comp Solucions neix per donar serveis professionals en totes les \u00e0rees sensibles d&#8217;una empresa.<\/p>\n","protected":false},"excerpt":{"rendered":"<p>Som un grup de professionals amb una \u00e0mplia experi\u00e8ncia empresarial. Pro&amp;Comp Solucions neix per donar serveis professionals en totes les \u00e0rees sensibles d&#8217;una empresa.<\/p>\n","protected":false},"author":1,"featured_media":88,"parent":0,"menu_order":0,"comment_status":"closed","ping_status":"closed","template":"","meta":{"footnotes":""},"class_list":["post-36","page","type-page","status-publish","has-post-thumbnail","hentry"],"_links":{"self":[{"href":"https:\/\/www.pro-compsolucions.com\/index.php\/wp-json\/wp\/v2\/pages\/36","targetHints":{"allow":["GET"]}}],"collection":[{"href":"https:\/\/www.pro-compsolucions.com\/index.php\/wp-json\/wp\/v2\/pages"}],"about":[{"href":"https:\/\/www.pro-compsolucions.com\/index.php\/wp-json\/wp\/v2\/types\/page"}],"author":[{"embeddable":true,"href":"https:\/\/www.pro-compsolucions.com\/index.php\/wp-json\/wp\/v2\/users\/1"}],"replies":[{"embeddable":true,"href":"https:\/\/www.pro-compsolucions.com\/index.php\/wp-json\/wp\/v2\/comments?post=36"}],"version-history":[{"count":3,"href":"https:\/\/www.pro-compsolucions.com\/index.php\/wp-json\/wp\/v2\/pages\/36\/revisions"}],"predecessor-version":[{"id":112,"href":"https:\/\/www.pro-compsolucions.com\/index.php\/wp-json\/wp\/v2\/pages\/36\/revisions\/112"}],"wp:featuredmedia":[{"embeddable":true,"href":"https:\/\/www.pro-compsolucions.com\/index.php\/wp-json\/wp\/v2\/media\/88"}],"wp:attachment":[{"href":"https:\/\/www.pro-compsolucions.com\/index.php\/wp-json\/wp\/v2\/media?parent=36"}],"curies":[{"name":"wp","href":"https:\/\/api.w.org\/{rel}","templated":true}]}}